 What are the prime factors of (2 - (-2)/d)*2?
5
Suppose 3*g = g + 10. Suppose 0 = 2*v - 3*h - 57, -2*v = -0*v - g*h - 51. Suppose -5*s + 195 = 4*a, -2*a + s = v - 134. List the prime factors of a.
2, 5
Suppose 46 = -3*p + 76. List the prime factors of 48/(-1)*(-5)/p.
2, 3
Let c(n) = 6*n - 71. What are the prime factors of c(21)?
5, 11
What are the prime factors of 10/(-85) + (-54544)/(-68)?
2, 401
Let c be 63/24 - (-33)/88. Suppose 5*p + 126 = o, 0 = -2*o + 3*o + c*p - 110. What are the prime factors of o?
2, 29
Let k = -32 + 33. List the prime factors of k/2 - (-297)/18.
17
Let i(b) = -10*b + 0*b**2 + 12 + 3*b**2 - 2*b**2. Let p be i(10). Suppose -c + 0*c = -p. What are the prime factors of c?
2, 3
Suppose 0 = 14*x - 10*x - 32. Suppose -a + 132 = 4*n, 2*n + x = -0*n. Suppose 2*i = a - 48. List the prime factors of i.
2, 5
Let z(m) = 27*m**3 - 3*m**2 - 2*m - 1. Let j be z(3). Suppose -x - 707 = -6*x + i, -5*i + j = 5*x. List the prime factors of x.
3, 47
Let m(x) = 5*x**2 - 6*x + 9. Let b be m(-6). Let n = 507 - b. List the prime factors of n.
2, 3, 47
Suppose 12504 = -64*z + 76*z. What are the prime factors of z?
2, 521
Suppose 786 = -3*f + 5*f. Suppose -2*v = -2*c - 3*c + f, 0 = -3*v - 12. List the prime factors of c.
7, 11
Suppose -2*q - 2*n = -780, 7*q - 4*q = -n + 1180. What are the prime factors of q?
5, 79
Let i(w) = w**3 + 19*w**2 + 35*w + 12. Let u be i(-15). Suppose -y - 2*y + 388 = 5*c, -u = -5*c - 2*y. What are the prime factors of c?
7, 11
Let o = 32 + -22. Suppose 0 = 3*a - 26 - o. What are the prime factors of a?
2, 3
Suppose -10*g + 2555 = -37985. List the prime factors of g.
2, 2027
Let p(v) = v - 7. Let o be p(4). Let d be (-3 + 3 + 8)*o. Let z = -21 - d. What are the prime factors of z?
3
Suppose 5*u = -3*i + 49, 4*i - 38 - 4 = 5*u. Let q = 20 - i. List the prime factors of q.
7
Let l = 1441 + -982. What are the prime factors of l?
3, 17
Let f be (-435)/(-18) - 2/12. Let w be ((-320)/f)/((-2)/12). Suppose 5*c - 4*h = 76, 5*c = 4*h + h + w. What are the prime factors of c?
2, 3
Let d = -27 + 47. Suppose -2*u - 82 - d = -2*b, 153 = 3*b + 4*u. List the prime factors of b.
3, 17
Suppose 30*j = 24*j + 5598. List the prime factors of j.
3, 311
Let w(u) = u**3 - 7*u**2 + 9*u + 3. Let d(h) = h**2 - h + 3. Let m be d(2). Suppose c = -2*n + m, -4*c + 3*c + 3 = 4*n. List the prime factors of w(c).
2, 3, 11
Suppose -5*u + 13 = -2. Suppose -u*n - 5*j + 37 = 0, 3*n + 3*j + 1 = 34. Suppose 4*x = -q + 19, 0 = -q - 0*q + x + n. What are the prime factors of q?
11
Let y(m) = m**3 + 20*m**2 - 2*m - 34. Let j be y(-20). Suppose 5*x = 4*a + 493, 378 = -2*x + j*x + 5*a. List the prime factors of x.
97
Let b(n) = -n**3 - 4*n**2 - 3*n - 3. Suppose 5*d = -5*o + 1 - 11, -o = -d + 2. Suppose -y - y - 8 = d. What are the prime factors of b(y)?
3
Suppose 0 = 4*c - 33 - 23. Let s(i) = -4*i**2 + 18*i + 20. Let q(d) = d**2 - d + 1. Let l(o) = 3*q(o) + s(o). What are the prime factors of l(c)?
37
Let j be ((-3)/9)/((-2)/78). Let i(w) = -w**3 + 13*w**2 + 4*w - 19. Let g be i(j). What are the prime factors of 1*g - 0/4?
3, 11
Suppose 0 = -2*r + 215 + 69. Suppose -5*x - 2*g = -151, 2*g + 22 - r = -4*x. What are the prime factors of x?
31
Let q = 325 - 241. List the prime factors of q.
2, 3, 7
Let s = 19 + -29. Let d(f) = f**3 + 10*f**2 + f + 13. List the prime factors of d(s).
3
Let f = 48 - 11. Let x = 13 + f. Let m = x + -11. What are the prime factors of m?
3, 13
Suppose -2*l - 5*d = l - 179, 5*d - 73 = -l. Let v = l - 38. List the prime factors of v.
3, 5
Let u(o) = -2*o + 132. Let d be u(0). Let g be 5124/d - (-4)/22. Suppose 4*f - 65 = g. List the prime factors of f.
2, 13
Suppose 3*n = -4*n + 21. Suppose 2*c + u = -n*c + 1367, 0 = u - 2. What are the prime factors of c?
3, 7, 13
Let i be 8/(-2) + 25 + -18. Suppose -i*c = -631 - 110. What are the prime factors of c?
13, 19
Suppose -p = 2, 3*s - 2*p - 4307 = 2*p. What are the prime factors of s?
1433
Suppose 0*d - 3*d = 0. Suppose -4*s - g - 5 + 40 = 0, 0 = -2*s + 3*g + 7. Suppose d = 4*r - 8 - s. List the prime factors of r.
2
Let s be 30/4*(-4)/(-5). Let d(v) be the first derivative of v**3/3 - 10*v - 30. What are the prime factors of d(s)?
2, 13
List the prime factors of (-3 - -4)*-3 + 4594 + -12.
19, 241
Let k(t) be the second derivative of t**4/3 - t**3 - t**2 + 22*t. What are the prime factors of k(-5)?
2
Let z(f) = -3*f + 1. Let u be z(-4). Suppose -4*c - u = -289. What are the prime factors of c?
3, 23
Suppose -2*v = -5*v + 9. Suppose 88 + 51 = 4*h + 5*b, v*b + 147 = 4*h. List the prime factors of h/14*14/3.
2, 3
Let g(v) = 2*v**3 - 1 - 14 - 12*v**2 + 2 + 5 - 6*v. What are the prime factors of g(7)?
2, 3
Suppose -5*j + 10*j - 2550 = 0. List the prime factors of j.
2, 3, 5, 17
Let b = -8 + 23. Let n = b - -24. Suppose 3*f + n = 3*g, 2*g - 4*g = 2*f - 18. List the prime factors of g.
11
What are the prime factors of -18 + 488 - (0 - -2)?
2, 3, 13
Suppose -4*y = 2*d - 412, -2*d + 24*y = 23*y - 437. What are the prime factors of d?
2, 3
Suppose p + 5*f - 190 = -4*p, -4*p - 5*f + 154 = 0. Let j = p - 36. Suppose j = 2*t - 16 - 70. List the prime factors of t.
43
Let t(j) = -3*j. Let s be t(-2). Let r = s + -3. Suppose 0 = -2*q + 5*v + 21, -v + r*v = q - 11. List the prime factors of q.
13
Suppose s - 6*s + 4*z - 14 = 0, s = -5*z - 26. What are the prime factors of s*3/(-6) + (67 - -3)?
73
Let f be (4 + 2)/((-1)/(-21)*2). What are the prime factors of 1137/8 + (f/56)/(-9)?
2, 71
Suppose 4*k + 35 = 3*m + 9, 4*m - 33 = 5*k. What are the prime factors of (4/(-6))/(k*14/22995)?
3, 73
Suppose -13*a + 156 = -7*a. What are the prime factors of a?
2, 13
Let c be (-66)/(-4)*4 + 4. What are the prime factors of (((-2)/2 - 2) + 4)*c?
2, 5, 7
Let g = 3488 + -2191. List the prime factors of g.
1297
Suppose -14*l + 8316 - 2226 = 0. What are the prime factors of l?
3, 5, 29
Let a(x) = x**2 - 9*x - 6. Let y be a(-11). Let z = y - 148. What are the prime factors of z?
2, 3, 11
Suppose 5*v - 486 = -2*r, 4*r + r + 4*v - 1181 = 0. Suppose -6*g + r = -379. List the prime factors of g.
2, 3, 17
Let s = 205 + -233. Let n(z) = -58*z. Let q be n(-1). Let j = q + s. What are the prime factors of j?
2, 3, 5
Let d be (-625)/3 - 2/(-6). Let w be (-5 - -143)/((4 + -3)*-1). Let n = w - d. List the prime factors of n.
2, 5, 7
Let g = 6 + -6. Suppose 2*h = n + 1 + 3, g = 4*h - 4*n. Let u(q) = -q**3 + 4*q**2 + 3*q. What are the prime factors of u(h)?
2, 3
Let s be 9/(-12) + (-57)/(-12). Suppose -h - s*h = -70. Suppose -4*w + 4*f + 42 = -h, -5*w + 4*f = -73. List the prime factors of w.
17
Suppose -220 = -4*c + 5*s, -7*c = -2*c + s - 304. Let v = c - -39. List the prime factors of v.
3, 11
Let m(o) = 2*o**2 - 6*o + 6. Let h be m(6). Suppose -5*z + 8*z = 9. Suppose z*u - h = 48. What are the prime factors of u?
2, 3, 5
Suppose -3*h + 651 = -9. Suppose -2*n + d = -91, 3*n = -2*n + 4*d + h. What are the prime factors of n?
2, 3
Let z = 43 - 35. Suppose z*s - 3*s - 341 = -4*q, -5*s = q - 74. List the prime factors of q.
89
Let n(w) = 7*w**2 - 46*w - 37. List the prime factors of n(-10).
1123
Let u be 1/(-5) - (-20)/(-25). Let d = u + 20. What are the prime factors of d?
19
Suppose 0 = -3*k - 6, o - 6 - 9 = 2*k. Let u(n) = n**3 - 10*n**2 + 26. List the prime factors of u(o).
3, 7
Let r(h) = 22*h - 2. Let w be r(-2). Let l be 6/10 + 4433/(-155). Let c = l - w. List the prime factors of c.
2, 3
Suppose -4*z - 3*o + 25 = 0, 0 = -4*o - 16 - 4. Suppose -324 + 1404 = z*x. List the prime factors of x.
2, 3
Let v(r) = -19*r + 11. Let m(n) = -10*n + 6. Let x(i) = -5*m(i) + 3*v(i). Let k be 4/(1/(-1)) + 1. What are the prime factors of x(k)?
2, 3
Suppose -2*g - 280 - 73 = -5*t, -g = 5*t - 341. Suppose -y + t = -24. List the prime factors of y.
3, 31
Suppose 0 = -2*q - 3*v + 3165, 4*v - 4353 = -3*q + 394. Suppose k - q = -6*u + u, -4*k = 4*u - 1252. What are the prime factors of u?
317
Suppose 0 = -3*b + 7*b - 3*n - 2204, n = 0. List the prime factors of b.
19, 29
Let q(b) = -2*b - 1. Let p(n) = 5*n + 1. Let g(t) = -3*p(t) - 7*q(t). Let f be g(-8). What are the prime factors of (-2)/3 + 512/f?
2, 3, 7
Let u(p) = -p**2 + 15*p + 4. Suppose -5*a + 4*a - 3*t = -2, 3*a + 5*t = 14. List the prime factors of u(a).
2, 3, 5
Suppose -3*u = -4 - 2, t = -5*u 